{"id":71,"date":"2012-06-21T22:07:27","date_gmt":"2012-06-21T22:07:27","guid":{"rendered":"http:\/\/www.fetiasp.com.br\/site\/?page_id=71"},"modified":"2017-10-04T18:36:43","modified_gmt":"2017-10-04T18:36:43","slug":"nossa-historia","status":"publish","type":"page","link":"https:\/\/www.fetiasp.com.br\/site\/?page_id=71","title":{"rendered":"Nossa Hist\u00f3ria"},"content":{"rendered":"<p>A Federa\u00e7\u00e3o dos Trabalhadores nas Ind\u00fastrias de Alimenta\u00e7\u00e3o e Afins do Estado de S\u00e3o Paulo \u00e9 entidade de 2\u00ba grau, com sede pr\u00f3pria \u00e0 Rua Conselheiro Furtado, 987, em S\u00e3o Paulo, onde tem seus departamentos bem como alojamentos, especialmente para os dirigentes do interior.<br \/>\nCongrega em seu quadro de filiados 55 Sindicatos, representando aproximadamente 350.000 trabalhadores. Fundada em 1.942, teve seu reconhecimento oficial no ano de 1.944, sendo seu presidente atual &#8211; mandato 2.013\/2.017 &#8211; Sr. Melqu\u00edades de Ara\u00fajo.<br \/>\nA entidade est\u00e1 filiada \u00e0 Confedera\u00e7\u00e3o Nacional dos Trabalhadores nas Ind\u00fastrias de Alimenta\u00e7\u00e3o e Afins. Dentre suas v\u00e1rias atividades destaca-se a de coordenar os Sindicatos filiados nas negocia\u00e7\u00f5es coletivas, tanto na prepara\u00e7\u00e3o das assembl\u00e9ias como na forma\u00e7\u00e3o de Comiss\u00f5es de discuss\u00e3o. Al\u00e9m disso promove cursos destinados aos dirigentes sindicais, tanto na \u00e1rea sindical como trabalhista, atrav\u00e9s de pessoas especializadas.<br \/>\nRecentemente introduziu curso de inform\u00e1tica, ensejando a requalificac\u00e3o dos componentes da categoria para os novos tempos que se avizinham, e de qualifica\u00e7\u00e3o aos que acabam de chegar ao mercado de trabalho.<br \/>\nNa \u00e1rea jur\u00eddica presta assist\u00eancia aos trabalhadores inorganizados em Sindicato, e acompanha em fase recursal os processos promovidos pelos Sindicatos filiados, nos Tribunais de S\u00e3o Paulo e Campinas. Atende consultas telef\u00f4nicas, esclarecendo d\u00favidas de aplica\u00e7\u00e3o de Conven\u00e7\u00e3o Coletiva ou de preceitos Consolida\u00e7\u00e3o das Leis do Trabalho.<\/p>\n<p><strong><span style=\"font-family: Verdana;\">Nosso Desafio<\/span><\/strong><\/p>\n<p><span style=\"text-decoration: underline;\"><span style=\"font-size: small;\">*Miss\u00e3o<\/span><\/span><br \/>\n<span style=\"font-size: small;\">Promover o equil\u00edbrio das rela\u00e7\u00f5es de trabalhadores por meio da a\u00e7\u00e3o judicial e fiscal, intermedia\u00e7\u00e3o dos conflitos, apoio \u00e0 gera\u00e7\u00e3o de trabalho, emprego e renda e dar assist\u00eancia ao trabalhador e cidad\u00e3o, contribuindo para a constru\u00e7\u00e3o de uma sociedade mais justa e igualit\u00e1ria.<\/span><\/p>\n<p><span style=\"text-decoration: underline;\"><strong>*Vis\u00e3o de Futuro<\/strong><\/span><br \/>\nSer uma organiza\u00e7\u00e3o de excel\u00eancia em gest\u00e3o sindical e na presta\u00e7\u00e3o de servi\u00e7os aos trabalhadores, atuando como instrumento efetivo de transforma\u00e7\u00e3o positiva das pr\u00e1ticas sindicais e sociais.<br \/>\n<strong><span style=\"text-decoration: underline;\"><br \/>\n<span style=\"font-size: small;\">*Valores<\/span><\/span><\/strong><br \/>\n<span style=\"font-size: small;\">-Excel\u00eancia no atendimento aos trabalhadores;<br \/>\n-\u00c9tica no servi\u00e7o sindical;<br \/>\n-Correta aplica\u00e7\u00e3o dos recursos que s\u00e3o provenientes dos trabalhadores;<br \/>\n-Efici\u00eancia e efic\u00e1cia na presta\u00e7\u00e3o dos servi\u00e7os sindical;<br \/>\n-Bem-estar e total satisfa\u00e7\u00e3o dos trabalhadores e colaboradores;<br \/>\n-Participa\u00e7\u00e3o dos trabalhadores e da sociedade civil organizada no planejamento e controle das a\u00e7\u00f5es;<br \/>\n-Contribuir para transformar a pr\u00e1tica social e moral.<\/span><\/p>\n<p><span style=\"text-decoration: underline;\"><strong>*Objetivos<\/strong><\/span><br \/>\n-Combater o \u00edndice de Informalidade no mercado de trabalho.<br \/>\n-Erradicar a m\u00e3o de obra terceirizada no grupo da alimenta\u00e7\u00e3o.<br \/>\n-Melhorar as condi\u00e7\u00f5es de trabalho quanto \u00e0 seguran\u00e7a e sa\u00fade e meio ambiente do trabalhador.<br \/>\n-Promover o trabalho decente e erradicar o trabalho infantil e m\u00e3o de obra escrava.<br \/>\n-Estimular a participa\u00e7\u00e3o da sociedade e trabalhadores no processo da Reforma Trabalhista e Sindical.<br \/>\n-Aperfei\u00e7oar os mecanismos de gerenciamento, controle e avalia\u00e7\u00e3o das pr\u00e1ticas de media\u00e7\u00e3o de conflitos nas rela\u00e7\u00f5es do trabalho.<br \/>\n-Garantir a publicidade e o acesso \u00e0s Conven\u00e7\u00f5es Coletivas de Trabalhos acordadas.<br \/>\n-Otimizar o processo de atendimento aos trabalhadores.<br \/>\n-Modernizar e otimizar o processo jur\u00eddico em rela\u00e7\u00e3o a fal\u00eancias, concordatas, arrestos, a\u00e7\u00f5es trabalhistas.<br \/>\n-Disseminar, junto aos trabalhadores e a sociedade, informa\u00e7\u00f5es relevantes sobre Legisla\u00e7\u00e3o Trabalhista, Piso Salarial da categoria, a\u00e7\u00f5es sindicais junto as empresas e trabalhadores.<br \/>\n-Promover a\u00e7\u00f5es de capacita\u00e7\u00e3o, qualifica\u00e7\u00e3o e de gera\u00e7\u00e3o de emprego, trabalho e renda, junto ao trabalhador e sociedade.<br \/>\n-Fomentar oportunidades de trabalho baseadas na autogest\u00e3o, coopera\u00e7\u00e3o e solidariedade.<br \/>\n-Garantir a satisfa\u00e7\u00e3o dos trabalhadores do grupo da alimenta\u00e7\u00e3o e da sociedade civil organizada sobre nossos objetivo e metas de presta\u00e7\u00e3o de servi\u00e7os.<br \/>\n-Melhorar o atendimento e os benef\u00edcios aos trabalhadores do grupo da alimenta\u00e7\u00e3o.<br \/>\n-Assegurar o compromisso, a satisfa\u00e7\u00e3o e a qualifica\u00e7\u00e3o dos trabalhadores.<br \/>\n-Estimular o exerc\u00edcio da cidadania por parte dos trabalhadores e da sociedade.<br \/>\n-Melhorar a gest\u00e3o com base nos crit\u00e9rios de excel\u00eancia.<br \/>\n-Manter e melhorar cada vez mais a imagem da institui\u00e7\u00e3o.<\/p>\n<p><span style=\"font-family: Verdana, Arial, Helvetica, sans-serif;\"><strong><em>Autor: Melquiades de Ara\u00fajo (Ex-Presidente da Fetiasp)<\/em><\/strong><\/span><\/p>\n","protected":false},"excerpt":{"rendered":"<p>A Federa\u00e7\u00e3o dos Trabalhadores nas Ind\u00fastrias de Alimenta\u00e7\u00e3o e Afins do Estado de S\u00e3o Paulo \u00e9 entidade de 2\u00ba grau, com sede pr\u00f3pria \u00e0 Rua Conselheiro Furtado, 987, em S\u00e3o Paulo, onde tem seus departamentos bem como alojamentos, especialmente para [&hellip;]<\/p>\n","protected":false},"author":1,"featured_media":0,"parent":54,"menu_order":2,"comment_status":"open","ping_status":"open","template":"","meta":{"ngg_post_thumbnail":0,"_mc_calendar":[],"footnotes":"","_links_to":"","_links_to_target":""},"class_list":["post-71","page","type-page","status-publish","hentry"],"_links":{"self":[{"href":"https:\/\/www.fetiasp.com.br\/site\/index.php?rest_route=\/wp\/v2\/pages\/71","targetHints":{"allow":["GET"]}}],"collection":[{"href":"https:\/\/www.fetiasp.com.br\/site\/index.php?rest_route=\/wp\/v2\/pages"}],"about":[{"href":"https:\/\/www.fetiasp.com.br\/site\/index.php?rest_route=\/wp\/v2\/types\/page"}],"author":[{"embeddable":true,"href":"https:\/\/www.fetiasp.com.br\/site\/index.php?rest_route=\/wp\/v2\/users\/1"}],"replies":[{"embeddable":true,"href":"https:\/\/www.fetiasp.com.br\/site\/index.php?rest_route=%2Fwp%2Fv2%2Fcomments&post=71"}],"version-history":[{"count":6,"href":"https:\/\/www.fetiasp.com.br\/site\/index.php?rest_route=\/wp\/v2\/pages\/71\/revisions"}],"predecessor-version":[{"id":8595,"href":"https:\/\/www.fetiasp.com.br\/site\/index.php?rest_route=\/wp\/v2\/pages\/71\/revisions\/8595"}],"up":[{"embeddable":true,"href":"https:\/\/www.fetiasp.com.br\/site\/index.php?rest_route=\/wp\/v2\/pages\/54"}],"wp:attachment":[{"href":"https:\/\/www.fetiasp.com.br\/site\/index.php?rest_route=%2Fwp%2Fv2%2Fmedia&parent=71"}],"curies":[{"name":"wp","href":"https:\/\/api.w.org\/{rel}","templated":true}]}}

Nossa História

<p>A Federação dos Trabalhadores nas Indústrias de Alimentação e Afins do Estado de São Paulo é entidade de 2º grau, com sede própria à Rua Conselheiro Furtado, 987, em São Paulo, onde tem seus departamentos bem como alojamentos, especialmente para os dirigentes do interior.<br />
Congrega em seu quadro de filiados 55 Sindicatos, representando aproximadamente 350.000 trabalhadores. Fundada em 1.942, teve seu reconhecimento oficial no ano de 1.944, sendo seu presidente atual &#8211; mandato 2.013/2.017 &#8211; Sr. Melquíades de Araújo.<br />
A entidade está filiada à Confederação Nacional dos Trabalhadores nas Indústrias de Alimentação e Afins. Dentre suas várias atividades destaca-se a de coordenar os Sindicatos filiados nas negociações coletivas, tanto na preparação das assembléias como na formação de Comissões de discussão. Além disso promove cursos destinados aos dirigentes sindicais, tanto na área sindical como trabalhista, através de pessoas especializadas.<br />
Recentemente introduziu curso de informática, ensejando a requalificacão dos componentes da categoria para os novos tempos que se avizinham, e de qualificação aos que acabam de chegar ao mercado de trabalho.<br />
Na área jurídica presta assistência aos trabalhadores inorganizados em Sindicato, e acompanha em fase recursal os processos promovidos pelos Sindicatos filiados, nos Tribunais de São Paulo e Campinas. Atende consultas telefônicas, esclarecendo dúvidas de aplicação de Convenção Coletiva ou de preceitos Consolidação das Leis do Trabalho.</p>
<p><strong><span style="font-family: Verdana;">Nosso Desafio</span></strong></p>
<p><span style="text-decoration: underline;"><span style="font-size: small;">*Missão</span></span><br />
<span style="font-size: small;">Promover o equilíbrio das relações de trabalhadores por meio da ação judicial e fiscal, intermediação dos conflitos, apoio à geração de trabalho, emprego e renda e dar assistência ao trabalhador e cidadão, contribuindo para a construção de uma sociedade mais justa e igualitária.</span></p>
<p><span style="text-decoration: underline;"><strong>*Visão de Futuro</strong></span><br />
Ser uma organização de excelência em gestão sindical e na prestação de serviços aos trabalhadores, atuando como instrumento efetivo de transformação positiva das práticas sindicais e sociais.<br />
<strong><span style="text-decoration: underline;"><br />
<span style="font-size: small;">*Valores</span></span></strong><br />
<span style="font-size: small;">-Excelência no atendimento aos trabalhadores;<br />
-Ética no serviço sindical;<br />
-Correta aplicação dos recursos que são provenientes dos trabalhadores;<br />
-Eficiência e eficácia na prestação dos serviços sindical;<br />
-Bem-estar e total satisfação dos trabalhadores e colaboradores;<br />
-Participação dos trabalhadores e da sociedade civil organizada no planejamento e controle das ações;<br />
-Contribuir para transformar a prática social e moral.</span></p>
<p><span style="text-decoration: underline;"><strong>*Objetivos</strong></span><br />
-Combater o índice de Informalidade no mercado de trabalho.<br />
-Erradicar a mão de obra terceirizada no grupo da alimentação.<br />
-Melhorar as condições de trabalho quanto à segurança e saúde e meio ambiente do trabalhador.<br />
-Promover o trabalho decente e erradicar o trabalho infantil e mão de obra escrava.<br />
-Estimular a participação da sociedade e trabalhadores no processo da Reforma Trabalhista e Sindical.<br />
-Aperfeiçoar os mecanismos de gerenciamento, controle e avaliação das práticas de mediação de conflitos nas relações do trabalho.<br />
-Garantir a publicidade e o acesso às Convenções Coletivas de Trabalhos acordadas.<br />
-Otimizar o processo de atendimento aos trabalhadores.<br />
-Modernizar e otimizar o processo jurídico em relação a falências, concordatas, arrestos, ações trabalhistas.<br />
-Disseminar, junto aos trabalhadores e a sociedade, informações relevantes sobre Legislação Trabalhista, Piso Salarial da categoria, ações sindicais junto as empresas e trabalhadores.<br />
-Promover ações de capacitação, qualificação e de geração de emprego, trabalho e renda, junto ao trabalhador e sociedade.<br />
-Fomentar oportunidades de trabalho baseadas na autogestão, cooperação e solidariedade.<br />
-Garantir a satisfação dos trabalhadores do grupo da alimentação e da sociedade civil organizada sobre nossos objetivo e metas de prestação de serviços.<br />
-Melhorar o atendimento e os benefícios aos trabalhadores do grupo da alimentação.<br />
-Assegurar o compromisso, a satisfação e a qualificação dos trabalhadores.<br />
-Estimular o exercício da cidadania por parte dos trabalhadores e da sociedade.<br />
-Melhorar a gestão com base nos critérios de excelência.<br />
-Manter e melhorar cada vez mais a imagem da instituição.</p>
<p><span style="font-family: Verdana, Arial, Helvetica, sans-serif;"><strong><em>Autor: Melquiades de Araújo (Ex-Presidente da Fetiasp)</em></strong></span></p>

<p>A Federação dos Trabalhadores nas Indústrias de Alimentação e Afins do Estado de São Paulo é entidade de 2º grau, com sede própria à Rua Conselheiro Furtado, 987, em São Paulo, onde tem seus departamentos bem como alojamentos, especialmente para [&hellip;]</p>
